{"id":6698,"date":"2018-10-09T09:14:55","date_gmt":"2018-10-09T09:14:55","guid":{"rendered":"https:\/\/hanic.com.tr\/?page_id=6698"},"modified":"2026-01-06T20:09:08","modified_gmt":"2026-01-06T20:09:08","slug":"home-2","status":"publish","type":"page","link":"https:\/\/www.hanic.com.tr\/","title":{"rendered":"Home"},"content":{"rendered":"\n<figure class=\"wp-block-image aligncenter size-large\"><img fetchpriority=\"high\" decoding=\"async\" width=\"1024\" height=\"292\" src=\"https:\/\/www.hanic.com.tr\/wp-content\/uploads\/2025\/08\/ERS_1459-1024x292.jpg\" alt=\"\" class=\"wp-image-15298\" srcset=\"https:\/\/www.hanic.com.tr\/wp-content\/uploads\/2025\/08\/ERS_1459-1024x292.jpg 1024w, https:\/\/www.hanic.com.tr\/wp-content\/uploads\/2025\/08\/ERS_1459-300x85.jpg 300w, https:\/\/www.hanic.com.tr\/wp-content\/uploads\/2025\/08\/ERS_1459-768x219.jpg 768w, https:\/\/www.hanic.com.tr\/wp-content\/uploads\/2025\/08\/ERS_1459-1536x437.jpg 1536w, https:\/\/www.hanic.com.tr\/wp-content\/uploads\/2025\/08\/ERS_1459-2048x583.jpg 2048w, https:\/\/www.hanic.com.tr\/wp-content\/uploads\/2025\/08\/ERS_1459-228x65.jpg 228w\" sizes=\"(max-width: 1024px) 100vw, 1024px\" \/><\/figure>\n\n\n\n<h1 class=\"wp-block-heading has-text-align-center has-ast-global-color-8-color has-text-color has-link-color wp-elements-506ec539f1930e185ff2125608050176\">LEVYEL\u0130 T\u00dcFEK UZMANI<\/h1>\n\n\n\n<p class=\"has-text-align-center\">Ayr\u0131nt\u0131l\u0131 Bilgi i\u00e7in bize a\u015fa\u011f\u0131daki numaradan ula\u015fabilirsiniz<\/p>\n\n\n\n<h4 class=\"wp-block-heading alignfull has-text-align-center has-ast-global-color-1-color has-text-color has-link-color wp-elements-4f96ee420b057727cf57cc4ce9c40bf8\">0530 134 82 80<\/h4>\n\n\n\n<p class=\"has-text-align-center has-ast-global-color-7-color has-text-color has-link-color wp-elements-2967f0fb24ad38da1aabab93baee7b4c\">Hani\u00e7, en y\u00fcksek kaliteyi size optimum fiyat ile sunar.<\/p>\n\n\n\n<figure class=\"wp-block-image aligncenter size-large\"><img decoding=\"async\" width=\"1024\" height=\"1024\" src=\"https:\/\/www.hanic.com.tr\/wp-content\/uploads\/2022\/07\/hanic-chart-1-1024x1024.png\" alt=\"\" class=\"wp-image-15235\" srcset=\"https:\/\/www.hanic.com.tr\/wp-content\/uploads\/2022\/07\/hanic-chart-1.png 1024w, https:\/\/www.hanic.com.tr\/wp-content\/uploads\/2022\/07\/hanic-chart-1-300x300.png 300w, https:\/\/www.hanic.com.tr\/wp-content\/uploads\/2022\/07\/hanic-chart-1-150x150.png 150w, https:\/\/www.hanic.com.tr\/wp-content\/uploads\/2022\/07\/hanic-chart-1-768x768.png 768w, https:\/\/www.hanic.com.tr\/wp-content\/uploads\/2022\/07\/hanic-chart-1-116x116.png 116w\" sizes=\"(max-width: 1024px) 100vw, 1024px\" \/><\/figure>\n\n\n\n<h5 class=\"wp-block-heading\">en sevilen<\/h5>\n\n\n\n<h2 class=\"wp-block-heading has-text-align-center has-ast-global-color-7-color has-text-color has-link-color wp-elements-33215e313b8e979c5bc3366126e112b3\">\u00fcr\u00fcnlerimiz<\/h2>\n\n\n\n<h5 class=\"wp-block-heading alignwide has-text-align-center has-ast-global-color-7-color has-text-color has-link-color wp-elements-5dbe8485c442003ff497e59717dd77dc\">temel modeller<\/h5>\n\n\n\n<p class=\"has-text-align-center has-ast-global-color-7-color has-text-color has-link-color wp-elements-35145e9234927a4f051ef2820587ac78\"><strong>L11B- BASIC \/ MAT S\u0130YAH, \u00c7EL\u0130K KASA<\/strong><\/p>\n\n\n\n<figure class=\"wp-block-image aligncenter is-resized\"><img decoding=\"async\" src=\"https:\/\/www.hanic.com.tr\/wp-content\/uploads\/2020\/05\/Hanic_0086-scaled.jpg\" alt=\"HANIC L11B\" style=\"object-fit:contain;width:1000px;height:600px\"\/><\/figure>\n\n\n\n<figure class=\"wp-block-image aligncenter size-large\"><img decoding=\"async\" width=\"1024\" height=\"315\" src=\"https:\/\/www.hanic.com.tr\/wp-content\/uploads\/2025\/08\/HANIC-L11B-61-1024x315.jpg\" alt=\"\" class=\"wp-image-15302\" srcset=\"https:\/\/www.hanic.com.tr\/wp-content\/uploads\/2025\/08\/HANIC-L11B-61-1024x315.jpg 1024w, https:\/\/www.hanic.com.tr\/wp-content\/uploads\/2025\/08\/HANIC-L11B-61-300x92.jpg 300w, https:\/\/www.hanic.com.tr\/wp-content\/uploads\/2025\/08\/HANIC-L11B-61-768x236.jpg 768w, https:\/\/www.hanic.com.tr\/wp-content\/uploads\/2025\/08\/HANIC-L11B-61-1536x473.jpg 1536w, https:\/\/www.hanic.com.tr\/wp-content\/uploads\/2025\/08\/HANIC-L11B-61-2048x630.jpg 2048w, https:\/\/www.hanic.com.tr\/wp-content\/uploads\/2025\/08\/HANIC-L11B-61-228x70.jpg 228w\" sizes=\"(max-width: 1024px) 100vw, 1024px\" \/><\/figure>\n\n\n\n<figure class=\"wp-block-image aligncenter\"><img decoding=\"async\" src=\"https:\/\/www.hanic.com.tr\/wp-content\/uploads\/2020\/04\/Hanic_0096-scaled.jpg\" alt=\"Hanic_0096\"\/><\/figure>\n\n\n\n<figure class=\"wp-block-image aligncenter\"><img decoding=\"async\" src=\"https:\/\/www.hanic.com.tr\/wp-content\/uploads\/2020\/05\/Hanic_0093-scaled.jpg\" alt=\"Hanic_0093\"\/><\/figure>\n\n\n\n<figure class=\"wp-block-image aligncenter\"><img decoding=\"async\" src=\"https:\/\/www.hanic.com.tr\/wp-content\/uploads\/2020\/05\/Hanic_0096-scaled.jpg\" alt=\"Hanic_0096\"\/><\/figure>\n\n\n\n<figure class=\"wp-block-image aligncenter\"><img decoding=\"async\" src=\"https:\/\/www.hanic.com.tr\/wp-content\/uploads\/2020\/05\/Hanic_0098-scaled.jpg\" alt=\"Hanic_0098\"\/><\/figure>\n\n\n\n<figure class=\"wp-block-image aligncenter\"><img decoding=\"async\" src=\"https:\/\/www.hanic.com.tr\/wp-content\/uploads\/2020\/05\/Hanic_0101-scaled.jpg\" alt=\"Hanic_0101\"\/><\/figure>\n\n\n\n<figure class=\"wp-block-image aligncenter\"><img decoding=\"async\" src=\"https:\/\/www.hanic.com.tr\/wp-content\/uploads\/2020\/05\/Hanic_0102-scaled.jpg\" alt=\"Hanic_0102\"\/><\/figure>\n\n\n\n<figure class=\"wp-block-image aligncenter\"><img decoding=\"async\" src=\"https:\/\/www.hanic.com.tr\/wp-content\/uploads\/2020\/05\/Hanic_0089-scaled.jpg\" alt=\"Hanic_0089\"\/><\/figure>\n\n\n\n<p><\/p>\n","protected":false},"excerpt":{"rendered":"<p>LEVYEL\u0130 T\u00dcFEK UZMANI Ayr\u0131nt\u0131l\u0131 Bilgi i\u00e7in bize a\u015fa\u011f\u0131daki numaradan ula\u015fabilirsiniz 0530 134 82 80 Hani\u00e7, en y\u00fcksek kaliteyi size optimum fiyat ile sunar. en sevilen \u00fcr\u00fcnlerimiz temel modeller L11B- BASIC \/ MAT S\u0130YAH, \u00c7EL\u0130K KASA<\/p>\n","protected":false},"author":1,"featured_media":0,"parent":0,"menu_order":0,"comment_status":"closed","ping_status":"open","template":"","meta":{"site-sidebar-layout":"no-sidebar","site-content-layout":"page-builder","ast-site-content-layout":"full-width-container","site-content-style":"unboxed","site-sidebar-style":"unboxed","ast-global-header-display":"","ast-banner-title-visibility":"","ast-main-header-display":"","ast-hfb-above-header-display":"","ast-hfb-below-header-display":"","ast-hfb-mobile-header-display":"","site-post-title":"disabled","ast-breadcrumbs-content":"","ast-featured-img":"disabled","footer-sml-layout":"","ast-disable-related-posts":"","theme-transparent-header-meta":"default","adv-header-id-meta":"","stick-header-meta":"","header-above-stick-meta":"","header-main-stick-meta":"","header-below-stick-meta":"","astra-migrate-meta-layouts":"set","ast-page-background-enabled":"default","ast-page-background-meta":{"desktop":{"background-color":"","background-image":"","background-repeat":"repeat","background-position":"center center","background-size":"auto","background-attachment":"scroll","background-type":"","background-media":"","overlay-type":"","overlay-color":"","overlay-opacity":"","overlay-gradient":""},"tablet":{"background-color":"","background-image":"","background-repeat":"repeat","background-position":"center center","background-size":"auto","background-attachment":"scroll","background-type":"","background-media":"","overlay-type":"","overlay-color":"","overlay-opacity":"","overlay-gradient":""},"mobile":{"background-color":"","background-image":"","background-repeat":"repeat","background-position":"center center","background-size":"auto","background-attachment":"scroll","background-type":"","background-media":"","overlay-type":"","overlay-color":"","overlay-opacity":"","overlay-gradient":""}},"ast-content-background-meta":{"desktop":{"background-color":"var(--ast-global-color-5)","background-image":"","background-repeat":"repeat","background-position":"center center","background-size":"auto","background-attachment":"scroll","background-type":"","background-media":"","overlay-type":"","overlay-color":"","overlay-opacity":"","overlay-gradient":""},"tablet":{"background-color":"var(--ast-global-color-5)","background-image":"","background-repeat":"repeat","background-position":"center center","background-size":"auto","background-attachment":"scroll","background-type":"","background-media":"","overlay-type":"","overlay-color":"","overlay-opacity":"","overlay-gradient":""},"mobile":{"background-color":"var(--ast-global-color-5)","background-image":"","background-repeat":"repeat","background-position":"center center","background-size":"auto","background-attachment":"scroll","background-type":"","background-media":"","overlay-type":"","overlay-color":"","overlay-opacity":"","overlay-gradient":""}},"footnotes":""},"class_list":["post-6698","page","type-page","status-publish","hentry"],"_links":{"self":[{"href":"https:\/\/www.hanic.com.tr\/index.php?rest_route=\/wp\/v2\/pages\/6698","targetHints":{"allow":["GET"]}}],"collection":[{"href":"https:\/\/www.hanic.com.tr\/index.php?rest_route=\/wp\/v2\/pages"}],"about":[{"href":"https:\/\/www.hanic.com.tr\/index.php?rest_route=\/wp\/v2\/types\/page"}],"author":[{"embeddable":true,"href":"https:\/\/www.hanic.com.tr\/index.php?rest_route=\/wp\/v2\/users\/1"}],"replies":[{"embeddable":true,"href":"https:\/\/www.hanic.com.tr\/index.php?rest_route=%2Fwp%2Fv2%2Fcomments&post=6698"}],"version-history":[{"count":49,"href":"https:\/\/www.hanic.com.tr\/index.php?rest_route=\/wp\/v2\/pages\/6698\/revisions"}],"predecessor-version":[{"id":15311,"href":"https:\/\/www.hanic.com.tr\/index.php?rest_route=\/wp\/v2\/pages\/6698\/revisions\/15311"}],"wp:attachment":[{"href":"https:\/\/www.hanic.com.tr\/index.php?rest_route=%2Fwp%2Fv2%2Fmedia&parent=6698"}],"curies":[{"name":"wp","href":"https:\/\/api.w.org\/{rel}","templated":true}]}}